1123123021312?
-31123123021321
In base 5, what is 10 + -132210412111?
-132210412101
In base 7, what is -1264246421 - 15?
-1264246436
In base 9, what is -112078 - 115?
-112204
In base 13, what is -64a1 + 70b?
-5a93
In base 3, what is 10200 - -11022011?
11102211
In base 6, what is 12401551 + 1?
12401552
In base 12, what is 3 + 9635138?
963513b
In base 9, what is 3 - -503580312?
503580315
In base 12, what is -382 + -14186?
-14548
In base 14, what is -1 + -79160?
-79161
In base 6, what is -13 - -143242045?
143242032
In base 9, what is 37 + -11275?
-11237
In base 3, what is -1021210110021100 - -1?
-1021210110021022
In base 7, what is 6 + 35356534?
35356543
In base 10, what is 0 + 890344?
890344
In base 16, what is 16a + 16727?
16891
In base 10, what is 13218602 - -1?
13218603
In base 15, what is 6267be0 - 3?
6267bdc
In base 11, what is 2239614a + 4?
22396153
In base 16, what is -f4 + -620b?
-62ff
In base 5, what is -4 - 1130132140?
-1130132144
In base 11, what is 44a8697 - -3?
44a869a
In base 5, what is -130 - -20203144332?
20203144202
In base 4, what is -123121 - 101100?
-230221
In base 7, what is -10 + -130400455?
-130400465
In base 3, what is -1012110021100221202 - 10?
-1012110021100221212
In base 8, what is 5 + 736614467?
736614474
In base 16, what is 13a - 2bf7?
-2abd
In base 16, what is 0 - -81d099?
81d099
In base 13, what is 9 - 5526178?
-552616c
In base 10, what is 2512 + -14441?
-11929
In base 12, what is -2066818 - -6?
-2066812
In base 14, what is 371ac944 + 0?
371ac944
In base 4, what is 1003 + -3233302?
-3232233
In base 11, what is 23888 + 182?
23a5a
In base 8, what is 11 + 11777543?
11777554
In base 10, what is -21 - 70071?
-70092
In base 5, what is 31114 - 101430?
-20311
In base 12, what is a - 392b48?
-392b3a
In base 10, what is 1 + 1557362?
1557363
In base 10, what is 270307830 + 2?
270307832
In base 9, what is 1153353 + -33?
1153320
In base 7, what is -1160 + -6551516?
-6553006
In base 8, what is 1254227444 - -4?
1254227450
In base 6, what is 35521344 + 1?
35521345
In base 11, what is -445 + -646a69?
-647403
In base 16, what is -36881 - -85?
-367fc
In base 15, what is -17 + 5ad428?
5ad411
In base 9, what is -4137322 - 62?
-4137384
In base 10, what is 1960440 - -133?
1960573
In base 5, what is 13001202 - -104000?
13110202
In base 9, what is -6677038 + 27?
-6677011
In base 8, what is 143651 + 1720?
145571
In base 4, what is -20112312123 + -130?
-20112312313
In base 5, what is -4 - -1322400313?
1322400304
In base 2, what is -11010100 - 100001000000001101?
-100001000011100001
In base 13, what is -7355679 - -5?
-7355674
In base 3, what is -102021220222221121 + 11?
-102021220222221110
In base 5, what is -14430 + 112042?
42112
In base 12, what is -27 - 25818a?
-2581b5
In base 6, what is -150455 - 50102?
-241001
In base 14, what is -9c + d763a?
d757c
In base 8, what is -107 - 156777?
-157106
In base 11, what is -8417 + -2269?
-a685
In base 8, what is 533714 - -51?
533765
In base 2, what is 10000 - 101010101111001011?
-101010101110111011
In base 3, what is 201 + 1000112020222021?
1000112020222222
In base 11, what is -73774 - 84?
-73848
In base 7, what is -10 - 53324323?
-53324333
In base 8, what is -1240271 - 3416?
-1243707
In base 13, what is 3 - 7945a4?
-7945a1
In base 5, what is 10 - 14321424122?
-14321424112
In base 11, what is 8055 + -5568?
2598
In base 2, what is -11 + 101111110110011000101?
101111110110011000010
In base 13, what is 1b1c530a + 9?
1b1c5316
In base 7, what is 42 + -120405?
-120333
In base 12, what is -1 - 936a97?
-936a98
In base 14, what is -3282 + 230?
-3052
In base 9, what is -585 + 72740?
72144
In base 7, what is -25360261256 - 1?
-25360261260
In base 10, what is 1 + -85928512?
-85928511
In base 7, what is 3 - -1243123416?
1243123422
In base 5, what is 3324 - 412113032?
-412104203
In base 6, what is 3 - -4511500120?
4511500123
In base 2, what is -100001011110001011 + -101110?
-100001011110111001
In base 5, what is -312041 + -1223?
-313314
In base 14, what is 1734 - -d47?
267b
In base 16, what is -2 + 1bdc6a?
1bdc68
In base 15, what is -1a2e8 - 45?
-1a33d
In base 7, what is 16524551 + 1?
16524552
In base 2, what is -10010111111110 + 1100011001111010?
1010000001111100
In base 11, what is -5 + 2068a3?
206899
In base 15, what is -43e + -134?
-573
In base 15, what is 0 - 2e299?
-2e299
In base 7, what is -4 - -524025110?
524025103
In base 11, what is -501a8a83 + 5?
-501a8a79
In base 12, what is 53776b + 4?
537773
In base 5, what is 21312 + 410112?
431424
In base 2, what is -10101001010 + -1001010011011?
-1011111100101
In base 8, what is 131064 - 3725?
125137
In base 4, what is 12211220120 - 2?
12211220112
In base 13, what is c94 - b2131?
-b116a
In base 8, what is -472 + 1735774?
1735302
In base 7, what is -2541 + -143164?
-146035
In base 2, what is 111100000111111011100100 + 1100?
111100000111111011110000
In base 15, what is 16ea9b + 389?
16ee35
In base 10, what is -130458 - -108?
-130350
In base 16, what is -14aed7 - -a2?
-14ae35
In base 7, what is -61 - 152034?
-152125
In base 14, what is -b6b835d + 0?
-b6b835d
In base 2, what is 11000111111 + 11101110011110?
100000111011101
In base 8, what is -1240051 + 1614?
-1236235
In base 5, what is -2014021122404 + 3?
-2014021122401
In base 2, what is -1011111111010011000001 + 11?
-1011111111010010111110
In base 9, what is 2 - -4421838?
4421841
In base 8, what is -1002374717 - 11?
-1002374730
In base 5, what is 312 + -10240032?
-10234220
In base 2, what is -10 - 110001010101101100011100?
-110001010101101100011110
In base 10, what is -35 + -101934?
-101969
In base 13, what is -53c24 + -146?
-5406a
In base 9, what is 177832 - 12?
177820
In base 12, what is -2 + -b1b577?
-b1b579
In base 11, what is 22a0730 + 11?
22a0741
In base 8, what is -20034766 + 2?
-20034764
In base 5, what is -2 + 2231410212?
2231410210
In base 8, what is -46113 + -134?
-46247
In base 4, what is 20321 - 111222301?
-111201320
In base 8, what is -226744 + -3725?
-232671
In base 7, what is 26 - -4056333?
4056362
In base 14, what is 872 - 7a4c6?
-79a54
In base 6, what is -15 - 504444?
-504503
In base 16, what is c0a - 25dd1?
-251c7
In base 7, what is 202 + 20042?
20244
In base 2, what is 100000 - 11010010111011100?
-11010010110111100
In base 9, what is 3 + 412452?
412455
In base 11, what is 29619 + 44?
29662
In base 15, what is -5 + -30ab8b6?
-30ab8bb
In base 12, what is 33b3 - 265?
314a
In base 8, what is 33503 + 237?
33742
In base 5, what is 110004434120 + -10?
110004434110
In base 13, what is b37504 + 4?
b37508
In base 3, what is -2 - 2102101010220020?
-2102101010220022
In base 13, what is 6299a + -9?
62991
In base 16, what is 28d8 + -b11?
1dc7
In base 9, what is -3 + -5554111?
-5554114
In base 16, what is -84f10 - 180?
-85090
In base 14, what is 274 - 1cb4?
-1a40
In base 11, what is 1 - -42927a77?
42927a78
In base 9, what is 43 - 61518?
-61465
In base 8, what is 257672 + 1657?
261551
In base 5, what is -422404240 - 33?
-422404323
In base 2, what is -1111101100 - -100000001111?
10000100011
In base 8, what is -76604620 - -4?
-76604614
In base 11, what is 7 - 52a37?
-52a30
In base 12, what is -252448 + -4?
-252450
In base 16, what is -31 + 723a?
7209
In base 3, what is -12212010212000102 - 11?
-12212010212000120
In base 14, what is 3 + -10a4d27?
-10a4d24
In base 3, what is 1120101211 + -20011?
1120011200
In base 15, what is -83ce43a8 + 0?
-83ce43a8
In base 16, what is 25c57 + -94?
25bc3
In base 15, what is -5 - -2805a1?
28059b
In base 15, what is 5758 - 1c2e?
3a29
In base 7, what is 102 + 3630115?
3630220
In base 15, what is 206 + -aeba2?
-ae99b
In base 13, what is 3a5a9 - 15a8?
39001
In base 4, what is 11 - -13010231101?
13010231112
In base 12, what is -2178 - 172490?
-174648
In base 14, what is -156 + -1279d?
-12915
In base 6, what is -1000 + 45501?
44501
In base 11, what is 48275 + 2549?
4a813
In base 4, what is 131202223 + 120?
131203003
In base 15, what is -1a2d78 - -1c5?
-1a2ba3
In base 13, what is -1 + -6269c?
-626a0
In base 6, what is -10 + 101414343?
101414333
In base 8, what is -5655 - -50670?
43013
In base 7, what is 1320356 - -46?
1320435
In base 3, what is 202120202022221 - -20?
202120202100011
In base 8, what is -26 + -4546503?
-4546531
In base 16, what is -e13b + -2078?
-101b3
In base 14, what i